*t - 6 = -m, 0*t - 7 = -g*t - m. Give o(t).
5
Suppose 60 = 4*x + x. Let v be 2 + x/16*4. Let w(m) = 2*m**2 - 8*m + 5. Determine w(v).
15
Let v(q) = 0 + 4 + q - 3*q. Suppose -p = 5*w + 24, 2*w + 8*p = 6*p. Determine v(w).
16
Let s(b) = -b**2 + 12*b + 27. Let g be s(14). Let v(t) = t. Calculate v(g).
-1
Let u(w) = -w**2 + 5*w - 9. Let s(l) = -3*l**2 + 15*l - 26. Suppose 2*a = 7*a - 30. Let h(c) = a*s(c) - 17*u(c). Suppose 0 = -3*n + 12. Give h(n).
1
Let k be (2 + (-9 - -4))*1. Let d be -2 + 7 + k + -1. Let z(f) = -7*f - 1. Determine z(d).
-8
Let q(s) = 16 + 171*s - 186*s - s**2 + 2*s**2. Determine q(11).
-28
Let t(b) = -b**2 + 9*b - 1. Let m = -28 - -64. Let d be (-8 - 1)*m/(-54). Give t(d).
17
Let t be ((-2)/(-3))/((-4)/12). Let p(j) = j**3 + 3*j**2 + j - 2. Let i be p(t). Let y(x) = -x**3 - 2*x**2 + 4*x**2 - 5 + 2*x**3 - 3*x**2. Give y(i).
-5
Let n(l) = l**3 - 7*l**2 - 5*l - 17. Let j be n(8). Let q(k) = k**3 - 7*k**2 - 2*k + 10. Calculate q(j).
-4
Let s(l) = -l + 15. Let w = 170 + -160. Calculate s(w).
5
Let h(i) = -3*i**3 + 12*i**2 - 2*i - 25. Let u(b) = -2*b**3 + 11*b**2 - 2*b - 21. Let n(w) = 3*h(w) - 4*u(w). Calculate n(-9).
72
Let t(z) be the first derivative of -z**4/4 - 2*z**3/3 + 3*z**2/2 - 29. Give t(-3).
0
Let g(m) be the first derivative of 22*m**3/3 + m - 131. What is g(1)?
23
Let w(j) = -6*j - 1. Let l(u) = -5*u + 157. Let t be l(31). Calculate w(t).
-13
Let p(h) = -h**3 - h**2. Suppose -2*r + 3 = r. Let n(y) = -r - 31*y + y**2 + 0 + 28*y. Let c be n(3). What is p(c)?
0
Let t(f) = f + 2. Let w be t(5). Suppose -31 + w = 4*m. Let l(x) = -2*x + 5 + 9*x + x**2 + 0*x. Give l(m).
-1
Let l be (-2 + 10/1)*-7. Let c = -51 - l. Let b(d) = 2*d**2 - 14*d + 4. Let i(t) = -t**2 + 7*t - 2. Let w(z) = 3*b(z) + 7*i(z). What is w(c)?
8
Let n(x) be the third derivative of -x**6/120 + 7*x**5/60 - x**4/12 + 7*x**3/6 - 368*x**2. Let p be 28/(-3)*(-6)/4. Let i be (-2)/4*p*-1. What is n(i)?
-7
Let s(x) = 5*x**2 + 0*x**2 - 2*x**2 - 2*x**2. Let h(i) = -i**2 + 5*i - 3. Let m be h(3). Let v be (2/4)/(m/(-18)). Calculate s(v).
9
Let s(o) = o. Let i be s(-3). Let p be (i - -2*3)*1. Let c be 5/(-2 - p/(-1)). Let n(x) = -x**3 + 4*x**2 + 6*x - 1. What is n(c)?
4
Let m(g) = -2. Let a(x) = -9*x + 66. Let o(l) = 2*a(l) + 66*m(l). Suppose 3*w = -z - 9, -4*z + 5*w - 53 = -17. Let p be (-6)/z - 5/(-15). Determine o(p).
-18
Let t(o) = -o - 1. Let d(r) = 2*r + 2. Let a(b) = -b - 3. Let j be a(0). Let h(x) = j*d(x) - 5*t(x). What is h(-3)?
2
Let u(p) = p**3 + 6*p**2 + 4*p - 6. Let m be (-3)/((-3)/2*1). Suppose -3*r + 0 = -c + 14, -4*c - 5*r = 29. Let l be -5*c/(-2)*m. What is u(l)?
-1
Let a(w) = w + w - 2 - 2 + 1. Let j(x) be the second derivative of x**3/6 + x**2 + 8*x. Let k be j(3). Give a(k).
7
Let t(c) = 2*c + 9. Let u = -20 - -23. Suppose u*o + m = -23, 2*m - 14 = 5*o + 28. Calculate t(o).
-7
Let h(c) = -4*c**3 + 2*c**2 - 2*c + 1. Let a = -27 - -34. Suppose -4*r = t - a*r + 11, -13 = -t - 3*r. What is h(t)?
-3
Suppose 4*s - 20 = 4*x, -2*s - 2*s + 5*x = -23. Let h(c) = -13*c - 10. Let f(q) = -3*q - 2. Let p(v) = -9*f(v) + 2*h(v). Calculate p(s).
0
Let u(v) = -v**3 + v + 2. Let f = 126 - 128. Calculate u(f).
8
Suppose 5*r - 45 = -4*m, 3*r + m + 0*m = 20. Let t(c) = 2 + 6 - r - c. Determine t(0).
3
Let a(v) = v**2 + v - 2. Suppose 0 = -5*p - 20 + 160. Let i = p + -26. Calculate a(i).
4
Let h(z) = z**3 - 16*z**2 + 14*z + 19. Let j be h(15). Suppose 2*i = 7*i - 15, q = -4*i + j. Let m(y) = y + 4. What is m(q)?
-4
Let t be (-5)/35*-91 + 0. Let v(y) = -y**2 + 14*y - 4. Give v(t).
9
Let r(f) = 4*f**3 + f**2 - 6 + f - 5*f**3 + 4*f**2. Let x(a) = -a**3 - 5*a**2 + 24*a + 75. Let s be x(-7). Determine r(s).
-1
Let k(v) = -v**3 + 3*v**2 + 2*v + 2. Let r(w) = 3*w**3 - 7*w**2 - 5*w - 4. Let m(t) = -5*k(t) - 2*r(t). Give m(-2).
2
Let t(c) = c - 1. Let z(v) = v**3 + 10*v**2 + 7*v - 13. Let w be z(-9). Suppose 0 = -5*o + 2*a + 13, 2 = 5*o - 6*o + w*a. Calculate t(o).
2
Let w(a) = a - 24. Let f be w(10). Let j be 4/f - (-180)/42. Let h(b) = -b + 1. Give h(j).
-3
Let t(a) = -8*a**3 + 2*a**2 + 2*a + 1. Let y(p) = -p**3 + 6*p**2 + 4*p + 8. Let x be y(7). Let l(f) = f**3 + 13*f**2 - f - 14. Let w be l(x). What is t(w)?
9
Let i(o) = -o + 3. Suppose 5*s - 4*s + 4*u + 6 = 0, 4*s - 3*u - 33 = 0. Calculate i(s).
-3
Let i(h) = -h + 7. Suppose j = 5*j - 36. Suppose -j*v = -14*v. Suppose -m - 6*l + 4*l = v, 3*m - 14 = l. Give i(m).
3
Let z = 20 + -27. Let o = 10 + z. Let x(w) = -3*w**2 - w**2 - o*w - 2 + 2*w + 5 - w**3. Calculate x(-3).
-3
Let o(q) = -4*q**2 - q + 2. Let j(c) = -3*c**2 - 2*c + 3. Let b(n) = -3*j(n) + 2*o(n). Let d be b(-5). Let s(l) = 0 + 0 + 3 + d*l + l. What is s(-4)?
-1
Let j(a) = 2*a + 1 - 2 + 8 - 2. Let u(m) = 3*m + 6. Let p(g) = -5*j(g) + 4*u(g). Let b be ((-3)/9)/((-2)/(-20 - -2)). Determine p(b).
-7
Let k(j) be the third derivative of j**4/24 + 7*j**3/3 - 72*j**2. Determine k(-6).
8
Let g(x) be the third derivative of x**4/24 + 5*x**3/6 + 2*x**2 + 92. Let y = 10 + -17. What is g(y)?
-2
Suppose -3*v + 27 = -5*t, 0 = 5*v - 2*t + 4*t - 14. Let k(i) be the first derivative of v + 8*i - 7/2*i**2 + 1/3*i**3. Determine k(6).
2
Let y(i) = i**2 - 1. Let v be y(0). Let x(z) be the second derivative of -2*z**3/3 + 43*z + 5. Give x(v).
4
Let w(z) = -5*z**2 - 4*z + 6. Let a(q) = 3*q**2 + 2*q - 5. Let r(o) = 3*a(o) + 2*w(o). Give r(-2).
-3
Let k(c) = 6 - 2 - 3 - 2886*c + 2923*c. What is k(-1)?
-36
Let i be (-17 - -2)*(-18)/30. Let h(u) = -2*u**3 + 11*u**3 + i*u**3 - u**2. What is h(1)?
17
Let k(p) be the second derivative of -p**5/20 - 11*p**4/12 - 19*p**3/6 + 2*p**2 - 153*p. Give k(-9).
13
Let x(z) = -z**2 + 7*z. Suppose -3*d - 75 = 3*t, 0*t + 65 = -3*d + 2*t. Let v = 28 + d. Give x(v).
10
Suppose 42*s = -211 + 1. Let x(b) = -b**2 - 4*b + 2. What is x(s)?
-3
Let s be (1 - (-1 - -3))*11. Let f be 52/(-44) + (-2)/s. Let q(w) = 6*w + 3. Let r(p) = -24*p - 13. Let k(m) = 9*q(m) + 2*r(m). Calculate k(f).
-5
Let m(p) = -10*p - 4*p - p**3 + 13*p - 8 + 2*p**3 - 3. Give m(0).
-11
Let r(f) be the first derivative of f**3/3 + 2*f**2 - 2*f - 42. What is r(3)?
19
Let h(r) = -2*r. Let w(b) = -11*b - 8. Let d(c) = -6*h(c) + w(c). Determine d(12).
4
Let l(m) = -4*m**3 + 8*m**2 - 12*m + 2. Let v(u) = 7*u**3 - 16*u**2 + 25*u - 5. Let y(a) = -5*l(a) - 3*v(a). Calculate y(4).
9
Suppose 3*p = -5*o - 30, -4*o = 7*p - 6*p + 31. Let i(f) = -f + 9. Let k(r) = -35 + 0*r + 5*r - r. Let y(m) = o*i(m) - 2*k(m). Determine y(0).
-11
Let x be 589/310 + 4/(-10). Let g(r) be the second derivative of x*r**2 - 8*r + 0 + 1/6*r**3. Give g(-5).
-2
Let d(z) = -19*z + 65. Let q(p) = 5*p + 2. Let g(m) = d(m) + 3*q(m). Calculate g(18).
-1
Let h(r) = 4*r**2 - 22 - 9*r**2 - 2*r + 7*r**2 + 21. Determine h(0).
-1
Let i(k) = -10*k. Let x be i(-6). Let n = x - 28. Suppose -4*s - n = 2*u, s = -0*u - 2*u - 17. Let w(v) = v - 2. Calculate w(u).
-8
Let q(s) = 5*s**2 - 31*s + 9. Let k be q(6). Let b be (7 - k - 4)*(-1)/1. Let d(f) = -f**2 + 5. Calculate d(b).
5
Let i = -2232 - -2227. Let q(w) = -6*w - 6 - 5*w**2 - w**2 + 5*w**2 - w. What is q(i)?
4
Let u be (-84)/22 - ((-24)/(-22))/6. Let v be -6 + 9 + 1 + u + 1. Let g(w) = -7*w + 1. Give g(v).
-6
Let q(m) = -m**3 + 6*m**2 + 8*m - 7. Let j be (5 - 6)*(-3 - -3). Let s be 8/16*(-2 + 2). Let l be 3 + (s + 4 - j). Calculate q(l).
0
Let o(i) be the first derivative of -i**5/60 - i**4/8 + 5*i**3/6 + 3*i**2 + 4. Let g(d) be the second derivative of o(d). What is g(-5)?
-5
Let k = 6 - 10. Let i = 34 + -34. Let c(d) = 1 - d + i + 1. Determine c(k).
6
Let w(y) be the second derivative of y**4/12 + 5*y**3/2 + 12*y**2 + y + 35. Give w(-11).
-20
Let w(q) = q**2 - 8*q + 9. Let b(h) = -2*h - h**2 + 2*h + 2*h - 6 + 5*h. Suppose -r = l, -8*l - 8 = 3*r - 3*l. Let f be b(r). Determine w(f).
-3
Let x(n) be the first derivative of n**4/12 - 5*n**3/3 - 5*n**2/2 - 20. Let b(r) be the second derivative of x(r). Give b(9).
8
Let b(g) be the second derivative of -g**3/6 - 3*g**2/2 + 142*g. Give b(-4).
1
Let y(j) = -j**2 - 57*j - 231. Let k be y(-53). Let u(q) = 4*q + 76. Give u(k).
0
Let y(w) = -4*w + 1. Suppose 0 = -10*v + 5*v + 165. Let h = 29 - v. Calculate y(h).
17
Let m(q) be the second derivative of -q**5/20 + q**3/2 + 3*q**2/2 - 39*q. What is m(-3)?
21
Let y(v) = -26 + 20*v - 8 + 36*v**2 - 21 + 14 -